*j. What is i(4)?
-2
Let a(m) = -m**3 - m**2 + 1. Let c(w) = -3*w**3 - 7*w**2 + 4*w + 2. Let b(x) = 4*a(x) - c(x). Determine b(3).
-10
Let i(f) = -f. Let k(c) = -2*c. Let z(x) = -10*i(x) + k(x). Calculate z(-1).
-8
Let a(v) = -2*v + 0*v**2 + v**2 + 0*v**2 + 0*v**2. Suppose 0 = -3*d - 0*d + 24. Suppose -3*w = -d*w + 5. What is a(w)?
-1
Let r(y) = -y**2 - 7*y - 4. Let t be r(-6). Let p(g) = 5*g**2 - 6*g**2 + 2 - 3*g + t*g**2. Let f be 1/(-2) + (-2)/4 - -5. Calculate p(f).
6
Let o(c) = 0*c + 1 + 5*c - 1 + 6. Let w(l) = 4*l + 5. Let i(m) = 5*o(m) - 6*w(m). Determine i(1).
1
Let s(i) be the third derivative of -i**5/12 - i**2. Let z(x) = -x - 1. Let n be z(-5). Let t = n + -3. What is s(t)?
-5
Let k(b) be the second derivative of -b**3/3 + 4*b**2 - 5*b. Let o be k(6). Let m(v) = -3*v - 5. Determine m(o).
7
Suppose 2*g = 2*x - 2*g - 6, -6 = -2*x + g. Suppose t = -x + 1. Let l(w) = w**2 + 3. Let a(c) = c**2 + 2. Let m(k) = -5*a(k) + 4*l(k). Give m(t).
-2
Let g(t) be the third derivative of 0 - t**2 - 1/8*t**4 + 2/3*t**3 + 0*t - 1/60*t**5. Let i(z) = -z**2 - 3*z - 3. Let r be i(-3). Calculate g(r).
4
Let f(q) = -q**3 - 5*q**2 + 6*q. Let n be f(-6). Let r(l) = -2*l + l + l**2 + 2*l - 5. What is r(n)?
-5
Suppose 2 = m - 2. Suppose -5*j + 10 = -3*q, 5*q = m*j + 4 - 12. Let v(s) = -3 - 5*s**3 + q*s**2 - 3*s + 4*s**3 - s**2. Calculate v(-2).
7
Let d(i) = -4*i - 7. Let a(y) = -5*y - 8. Let b(n) = -5*a(n) + 6*d(n). Give b(1).
-1
Suppose 5*w - 19 = -9. Let n(z) be the first derivative of 3*z**w + 1/3*z**3 + z + 2. Determine n(-5).
-4
Suppose -5*g - 5*f = 0, -g - 3*f - 8 + 2 = 0. Let j be 12*(24/(-9) + g). Let r(m) = m**2 - 2*m - 3. Give r(j).
5
Let j(m) = -m**2 + 2*m + 8. Let q be j(0). Let c(x) = -x**2 + 7*x + 1. Determine c(q).
-7
Let f be ((-24)/20)/((-6)/(-20)). Let v(c) = c**2 + 5*c - 5. Calculate v(f).
-9
Let r be (4 - 3)/(2/4). Let x = -11 - -5. Let q(p) = 3*p - 3. Let w(g) = 2*g - 2. Let k(s) = x*w(s) + 5*q(s). Determine k(r).
3
Let f(s) = 5*s**3 + 3*s**2 + 7*s - 1. Let q(h) = -3*h**3 - h**2 - 3*h. Let u(r) = -4*f(r) - 7*q(r). Determine u(6).
-2
Suppose 3*f = -3*h + 6, 0*h - 3*h + 7 = 4*f. Let x(a) = a - 1. Give x(f).
0
Suppose -a = 3*t - 4*t + 8, 0 = 3*t - 2*a - 25. Let b = 14 - t. Let d(g) = -2*g + 4. Give d(b).
-6
Let d be 0/((1 + 0)/1). Let p = 8 - d. Let n(q) = p - q + q - q. Give n(5).
3
Let p be (-51)/(-7) + 4/(-14). Let r = 4 - p. Let o(m) = 4*m. Let l(c) = -c. Let u(w) = 6*l(w) + o(w). What is u(r)?
6
Let p(s) = s**2 + 7*s - 8. Let b be p(-8). Let v(h) = 22*h + 2 + 2 + 2 - 21*h. Determine v(b).
6
Let s(p) be the third derivative of 0*p + 1/3*p**3 - 1/8*p**4 + 2*p**2 + 0. Suppose g + 5 = 3. Give s(g).
8
Let c = 8 + -14. Let n(u) = -11*u**3 - u**2 - 9*u + 14. Let d(h) = -5*h**3 - 4*h + 7. Let s(g) = -13*d(g) + 6*n(g). Give s(c).
5
Suppose -3*b + 29 = 4*k, 4*b - 3*k + 14 = 36. Let s = -4 + b. Let g(i) = -i**2 + i + 2. Determine g(s).
-4
Let j(h) be the second derivative of -h**5/60 + h**4/6 + h**3/3 + h**2 + h. Let p(u) be the first derivative of j(u). Give p(5).
-3
Let x = 67 - 37. Let g(i) = i**3 - 33*i - 3 + x*i - 3*i**2 + 2*i**2. Calculate g(3).
6
Let x(j) = -2 + 6 + 4*j**2 - 3*j**2 + 4*j. Suppose 16 + 9 = -5*l. Calculate x(l).
9
Let i = 6 + -4. Let t(k) = k**2 + 2*k + 2 - i*k + 2*k. Calculate t(-2).
2
Let t(n) = n - 4. Let s(f) = 6*f + 12. Let j be s(-3). Give t(j).
-10
Let n(a) = a**2 + 6*a + 4. Let z be n(-6). Let r(s) = 0*s - z - 3 + s**2 - s**3 + s. Give r(0).
-7
Let x(f) = f**3 - f**2 + 2. Suppose -4*b + 5 = b. Let y be (0 - (2 + b)) + 3. Determine x(y).
2
Suppose -a = 3*a. Let c be 6 + a + (-2 - -1). Let w(f) = f**3 - 5*f**2 - f - 1. Calculate w(c).
-6
Let p = 19 + -15. Suppose 3*f + 4*r + 2 = 0, 2*f + 4 = 4*r - p. Let y(z) = z**3 + 2*z**2 + 4*z + 3. Determine y(f).
-5
Let r(h) = h**2 - 4*h + 2. Let m(j) = j**2 - 2*j - 10. Let a be m(5). Give r(a).
7
Suppose 2*g = 4*g - 8. Let q(s) = -2*s + 3 + 0 + 0*s**2 + 4*s - s**2. Give q(g).
-5
Let a(p) = -p**2 + p. Let r(n) = -n**2 - 3*n - 4. Let i(f) = 2*a(f) - r(f). Calculate i(7).
-10
Let i(h) = -h - 3*h**2 - 2*h**2 + 4 + h**3 + 3*h. Suppose -4*v = -0*v. Suppose v = 5*j - 0*j - 20. Give i(j).
-4
Let i(r) = -16*r**3 - 2*r - 2. Let g(m) = m**2 - 1. Let d(o) = -g(o) + i(o). Give d(-1).
16
Let k(a) = a - 3. Let c(z) = z - 3. Let q(v) = -6*c(v) + 7*k(v). Determine q(2).
-1
Let g(m) be the second derivative of -1/6*m**3 + 0 + 3*m + 3/2*m**2 - 1/12*m**4. Give g(0).
3
Let r(m) = -m**2 + m - 1. Let v(u) = -2*u**2 - 6*u - 2. Let n(o) = -r(o) + v(o). Calculate n(-6).
5
Let w be (0 + 1)*2/(-2). Let f(z) = z**3 + z**3 + z**3 - z**2. Calculate f(w).
-4
Let o(a) = a**2 - 5*a + 2. Let r be (-12)/(-3) + 2/(-2). Give o(r).
-4
Let n(z) = z + 2. Suppose 0 = 4*s - 3*s. Let i = s - -3. Suppose 0 = i*b + d + 3, 2*b = -5*d - 2 - 0. What is n(b)?
1
Let a(b) = -1. Let w(p) = p - 2. Let k(z) = -6*a(z) + w(z). Let u = 3 - 7. Give k(u).
0
Let h(r) be the second derivative of r**5/15 - r**4/12 + r**3/6 + r**2/2 + r. Let d(t) be the first derivative of h(t). Let y = 1 - 0. Calculate d(y).
3
Suppose 0*d + 5*d = 10. Suppose -2*l - l = -d*n + 10, 2*n - 2*l = 8. Let s(x) = x**3 - 3*x**2 + 3*x - 1. Determine s(n).
1
Let x(k) = k**2 - k - 10. Suppose 20 = t + 4*t, 3*w + 5*t = 20. Let h(v) = v. Let d be h(w). What is x(d)?
-10
Let p(r) be the second derivative of -7*r**5/20 - r**4/6 - r**3/6 + 19*r. What is p(-1)?
6
Let s(i) = -1. Let d(m) = m - 10. Let n(w) = d(w) - 6*s(w). Give n(-7).
-11
Let r = 66 + -70. Let w(v) = -4*v - 4. Calculate w(r).
12
Let q = 0 - -4. Let n(p) = p**3 + 4*p**3 - 5 + q + 0. Calculate n(-1).
-6
Let x(g) be the second derivative of g**4/24 - g**3/3 + g**2/2 + 2*g. Let k(w) be the first derivative of x(w). What is k(5)?
3
Suppose -39 - 11 = 5*j. Let g be (-30)/(-25)*j/3. Let u = 4 + g. Let v(s) = -s**2 + s + 7. Determine v(u).
7
Suppose -2*b - 2 = 12. Let l(m) = -m**2 - 7*m - 2. Give l(b).
-2
Suppose 0 = -5*w + 3*c + 18 + 3, 3*c + 6 = 0. Suppose w*p + 4 = 22. Let k(i) = 2294*i - 2295*i + i**3 - 7*i**2 + i**2 + 2. Give k(p).
-4
Let l(h) = -11*h + 0 - 2 + 3*h**2 + 12*h. Give l(-2).
8
Let g(o) = o**3 + 2*o**2 + 1. Suppose -s + 3*a = -4, -a + 4 = -s - 2*a. Let y be ((-4)/(-6))/(s/6). Let k be g(y). Let f(d) = 3*d + 1. Determine f(k).
4
Let w(d) = -d - 3 - 4*d**2 + 3*d**2 + 16. Let u = -4 + 4. Give w(u).
13
Let a(j) = 4*j + 34. Let q be a(-7). Let c(s) = -s**2 + 9*s - 6. Determine c(q).
12
Let w(i) = i**3 + 10*i**2 + 5. Let x be w(-10). Let u(p) be the first derivative of -p**2/2 + 3*p + 1. Calculate u(x).
-2
Let t(l) = -4*l**2 + 3*l**2 + 2 - 3*l**2 + 3*l**2. Suppose -4*z + r = -26, -2*z - 4*r = -0*z - 4. Suppose h = z*h. What is t(h)?
2
Suppose 37 - 5 = 4*g. Let o(q) = 6*q - 6. Let p(r) = 2*r - 2. Let k(z) = g*p(z) - 3*o(z). Give k(-2).
6
Let u(k) = 3*k + 1. Let l = -12 - -6. Determine u(l).
-17
Let c(w) be the third derivative of w**7/840 + w**6/360 + w**5/120 + w**4/6 + w**3/3 + 3*w**2. Let s(m) be the first derivative of c(m). Give s(0).
4
Let x(w) = -2*w**2 - w + 1. Suppose -14*m + 4 = -10*m. Give x(m).
-2
Let v(f) = f**2 - 3*f + 2. Let s be ((-10)/(-4))/((-8)/(-16)). What is v(s)?
12
Let p(x) = -x + 1. Let l be p(-1). Suppose 1 - 5 = -l*z. Let h be (z + (-3)/2)*4. Let v(a) = 2*a**3 - 2*a**2. Determine v(h).
8
Let d = -2 + 3. Let z(i) = -5*i + d + 3*i - 3*i. Let f be 5/(-2) + (-12)/(-8). What is z(f)?
6
Let z(f) = f**3 + 7*f**2 - f. Suppose -3*b + 7 = -4*b. Determine z(b).
7
Let r(k) = k**3 - 3*k - 3. Let a(d) = 2*d - 28. Let m be a(13). Calculate r(m).
-5
Let k(x) be the third derivative of x**5/60 + 5*x**4/24 + x**3 - x**2. Suppose o - 5*f + 4 = -0*o, 5*o = 4*f - 20. What is k(o)?
2
Let h(y) be the third derivative of -y**5/30 + y**4/12 + 2*y**3/3 + 5*y**2. What is h(3)?
-8
Let u(q) = -11*q**2 - 26*q - 7 + 0*q**3 + 32*q - 16*q - q**3. Give u(-10).
-7
Suppose 5*k = 3*k + 2. Suppose -2 = g + k. Let i(a) = -1. Let y(p) = -3*p - 1. Let o(m) = -3*i(m) - y(m). What is o(g)?
-5
Let m(i) = -2*i + 7. Let x be m(5). Let v(r) = -r + 2. Determine v(x).
5
Let v be -2*(6/3)/(-2). Let c(u) = -5*u**2 + 2*u**v + 2*u**2 - 1 - 5*u. Determine c(-4).
3
Let a(y) = y**2 - 4*y - 4. Let j(w) = w - 1. Let o = -1 + 6. Let i be j(o). Give a(i).
-4
Let r be (2 + -1)*(5 - 1). Let o(k) = -k**3 + 5*k**2 - 6*k + 4. Determine o(r).
